uppose 5*y + 4*i + 53 = 0, 4*y = i - 26 - 29. Let z = -198 - -278. Let t = y + z. What is the units digit of t?
7
Let d(j) = -352*j + 56. Let k(r) = -32*r + 5. Let y(u) = -6*d(u) + 68*k(u). Let x be y(-3). Suppose x = -f + 5*f. What is the units digit of f?
9
Let q(y) = 17*y**3 + 6*y**2 - 24*y + 126. What is the thousands digit of q(5)?
2
Let o = -29 - -30. Let z(w) = 6*w**3 - w**2. What is the units digit of z(o)?
5
Suppose 5*w + 17*u = 19*u + 1190, -4*w + 5*u + 952 = 0. What is the tens digit of w?
3
Suppose 12*y - 992 = 4*y. Let l = -74 + y. What is the units digit of l?
0
What is the tens digit of -1 - (-90)/(-10) - -1360?
5
Let g(l) be the first derivative of -8*l**2 - 10*l - 5. What is the tens digit of g(-4)?
5
Suppose -c + 3*g = 2, -9 + 23 = 2*c + 3*g. Let w = 8 - c. Suppose -3*f - n + 50 = 0, -f = w*f + n - 80. What is the tens digit of f?
1
Suppose 27*w - 22*w = 4*k + 12241, 0 = 4*k - 4. What is the hundreds digit of w?
4
Let i be (-42)/(4/(-2) - 0). Let a = 42 - i. What is the units digit of 133/a*(1 + 2)?
9
Let x be 1/(0 + (-2)/8). Let o = x - -6. What is the units digit of -1 - (-9 + o) - 0?
6
Let h(p) = -p**2 + 89*p - 107. What is the hundreds digit of h(33)?
7
Suppose -z + 2*x = -1100, -2*z + 2542 - 350 = 4*x. What is the thousands digit of z?
1
Let y(b) = b**2 + 4*b + 3. Let m be y(-4). Suppose 3*f + 2*f = -m*t + 160, -5*f + t + 160 = 0. Let q = -2 + f. What is the tens digit of q?
3
Let u(i) = 2*i**2 - 7*i - 12. Let r(t) = -t**2 + 5*t + 1. Let p be r(6). What is the units digit of u(p)?
3
Suppose -19 - 1 = -2*i. Let q(c) = -55*c + 1 + 58*c + i. What is the tens digit of q(5)?
2
Suppose -5*w - 15 = 0, c - 5*w = -3*c + 255. Suppose -5*b + 55 = -5*k, b = 5*b + 4*k - c. Let v = b - -6. What is the tens digit of v?
1
Let k(v) = -7*v + 13. Let n be k(-6). Let p = 12 + n. What is the tens digit of p?
6
Let p(w) = 3*w + 827. What is the units digit of p(0)?
7
Suppose -12*x = 7 + 5. What is the hundreds digit of (1632/8)/(2 + x)?
2
Let z = -57 + 464. What is the tens digit of z?
0
Suppose 5*w = -3 - 27. Let a be (w + 0)*(-95)/10. Suppose 0 = 4*o, -3*z - o + a = -0*z. What is the units digit of z?
9
Let o(b) = 2*b**3 + 2 - b**3 - 2*b + 4*b**3. Let p be o(1). Suppose -8*a + 4*a - 4*c = -60, 0 = 3*a + p*c - 35. What is the tens digit of a?
2
Suppose -3*d = 1083 - 3621. What is the units digit of d?
6
Let i = 2448 - 1268. What is the units digit of i?
0
Let r(j) = -2*j + 5. Let q be r(8). Let c = 37 + q. Suppose -130 + c = -4*s. What is the units digit of s?
6
Let a = -506 - -5184. What is the units digit of a?
8
Let r = -22 + 46. What is the tens digit of (4 + (-3 - 0))*r?
2
What is the units digit of -4 - (-777)/((-49)/(-7))?
7
Let y be 186/14 - 12/42. Let a = 0 + y. What is the units digit of a?
3
Suppose 4*a - 3972 = -0*p - 4*p, 3*a - p - 2979 = 0. What is the units digit of a?
3
Suppose 33 = -3*v + 3*r, -3 - 13 = 2*v + 4*r. Suppose 5*d - 13 = 52. Let l = d + v. What is the units digit of l?
3
Let o be -5 - -1 - (10 - 11). Let s(a) = -a**3 - 2*a**2 - 5*a - 4. Let l be s(o). What is the units digit of (12 - 10)/(2/l)?
0
Let o(h) = -132*h + 7. Let b be o(-2). Let i = b - 126. What is the hundreds digit of i?
1
Suppose 15*a - 84 = -9. Suppose f + 4*f = -2*d + 220, -4*d - a*f + 460 = 0. What is the hundreds digit of d?
1
Let i(c) = 11*c + 30. Let j(g) = -7*g - 20. Let n(l) = 5*i(l) + 8*j(l). Let z be n(8). What is the tens digit of (-3 + 6/3)*z?
1
Suppose -g + 6 = 1. Let a(b) = -4*b - g*b - 2*b - 3 - b**2. What is the tens digit of a(-8)?
2
Let y = 1500 - 1070. What is the tens digit of y?
3
Let j(i) = -5*i - 6*i - 68 + 0*i - 6*i. What is the hundreds digit of j(-18)?
2
What is the units digit of ((-147)/(-35))/((-2)/(-120))?
2
Let f = -296 - -587. What is the hundreds digit of f?
2
Let q be (-102)/(-13) + (-2)/(-13). What is the units digit of -2 - (132/q)/((-9)/48)?
6
Let z(u) = 2*u**3 - 6*u**3 + 2*u**3 + 4*u**2 + 2*u - 1. Let n be (4/10)/(0 + 9/(-45)). What is the units digit of z(n)?
7
Let w = -6 - -6. Suppose -9 + 45 = -4*l + 4*j, w = 5*j - 20. Let u = 2 - l. What is the units digit of u?
7
What is the hundreds digit of (-629)/(-1*2 + 11/11)?
6
Suppose -5*b = 3*k - 1392, b - 4*b = -4*k + 1885. What is the units digit of k?
9
Let l(w) = -439*w + 26. What is the units digit of l(-1)?
5
Suppose w - s = -2*s + 87, -3*s = -w + 95. Let d(g) = g**2 - 4*g - 14. Let l be d(9). Suppose 0*m + w = 4*m + o, -l = -m - 2*o. What is the tens digit of m?
2
Let l be (2/(-5)*1)/((-5)/275). Suppose -j = -2*a - 14, -4*a = 6 - l. What is the units digit of j?
2
Let w be (-20)/(-25) + 1/5. Let m = w + 4. Suppose m*k = 2*k + 21. What is the units digit of k?
7
Let k(h) be the third derivative of h**5/60 + h**4/24 - 3*h**3 + 11*h**2. What is the tens digit of k(-8)?
3
Suppose -y + 4*y - 5*l = -20, 0 = 2*y - 5*l + 20. What is the units digit of (y + 4)*77/14?
2
Let a = 14 + -17. Let f be a/(-5) + 726/15. Let z = f - 24. What is the units digit of z?
5
Let d(g) = -48*g - 5. Let j(k) = -k. Let n(f) = d(f) - 2*j(f). What is the units digit of n(-2)?
7
Let i(a) be the first derivative of -a**4/2 + 2*a**3/3 - a**2/2 + 8. What is the units digit of i(-2)?
6
Let y(k) = 5*k**3 - 7*k**2 + 6*k - 6. What is the units digit of y(5)?
4
Suppose 3*k + k - 148 = 0. Suppose -3*a = -3*u - 93, a = -u + 4*u + k. What is the units digit of a?
8
Let u be (-6)/27 + (-20)/(-9). What is the tens digit of (1 - -5)*6/u?
1
What is the tens digit of ((-63)/(-12) - -1)/((-15)/(-7440))?
0
Let y be 0 - 7/(7/(-218)). Let x = 425 - y. What is the units digit of x?
7
Let l(z) = 6*z**2 - 31*z - 76. What is the tens digit of l(-22)?
1
Let q(u) = 22*u. Suppose 6*w - 2*w + 4 = 0, 3*g = -5*w + 10. What is the units digit of q(g)?
0
Let p be 686/14 + (-1 - 1). Suppose 5 + p = l. What is the units digit of l?
2
Let t = -112 - -232. Suppose t + 84 = 3*h. What is the tens digit of h?
6
Let f be -1*(8 - 3)*2. Let w = f + 43. What is the tens digit of w?
3
Let w be 218/2 + 3/(-9)*-9. Suppose 2*q + 0 = -6, l = -4*q + w. What is the hundreds digit of l?
1
Suppose -5 + 0 = u. Let x be (u/(-4))/((-2)/(-296)). Suppose q + 0*j - 5*j = 58, 5*q - x = 4*j. What is the tens digit of q?
3
Suppose 3*g - 1560 = -3*r, -4*g + 3*r + 690 + 1418 = 0. What is the units digit of g?
4
Let v(c) = c**2 - 3*c - 2. Let n = 17 - 18. Let f be v(n). What is the units digit of (0 - f)*189/(-6)?
3
Suppose -132 = 4*i - 12. Let x = 58 + i. Suppose 8 + x = b. What is the tens digit of b?
3
Let u(a) = 2*a - 1. Let y(x) = -3*x - 18. Let q(d) = -2*u(d) - y(d). What is the units digit of q(12)?
8
Let u = -545 + 651. What is the hundreds digit of u?
1
Let s be (-2)/5 - (-171)/15. Suppose 0 = 3*l - 1 - s. Suppose -z + l = -4. What is the units digit of z?
8
Let l(x) = 7*x**2 + x - 3. Let u be l(3). Let h = -49 + u. What is the tens digit of h?
1
Let u be 8/(-12) + (-28)/(-6). Suppose -y - u*g = g - 27, 5*g - 15 = 5*y. Suppose -y*p + 23 = -25. What is the units digit of p?
4
Let g be ((-13)/2)/(16/(-32)). Suppose -347 = -6*l + g. What is the tens digit of l?
6
Let l = -591 + 1095. What is the units digit of l?
4
Let t(o) = -o**2 + 14*o - 16. Let j be t(13). Let u(d) = -19*d - 5. What is the tens digit of u(j)?
5
Let f be 176/18 + 2/9. Let a(v) = 8*v - 20. Let p be a(f). Let i = p + -14. What is the units digit of i?
6
Suppose 4*p - 18 = -2. Suppose -4*h + 0*t + 400 = -4*t, 0 = p*h + 5*t - 418. What is the tens digit of 1/(2/h*1)?
5
Let j(n) = -n**3 - 20*n**2 + 21*n + 2. Let p be j(-21). Let t(q) = 46*q + 12. What is the hundreds digit of t(p)?
1
Suppose 0 = 5*l - 14 - 1. Suppose 7*t - 456 = l*t. What is the tens digit of t?
1
Let c(f) = -503*f - 41. What is the tens digit of c(-2)?
6
Let o = 6 - 4. Suppose f = -3*x + 7, o*f + 0*f = -5*x + 13. Let j(b) = 12*b**2 - b + 1. What is the tens digit of j(x)?
1
Let f(j) = 11*j**2 + 2*j - 15. Let g be f(8). Suppose 249 = -4*d + g. What is the hundreds digit of d?
1
What is the hundreds digit of 2094/8 + 39/(-52)?
2
Let v(p) = 6*p**3 - 2*p**2 + 2*p + 7. Let h = -7 - -10. Let m be v(h). Let s = m + -111. What is the tens digit of s?
4
Suppose -74 = -h - 2*f, 0 = 4*h + 4*f - 334 + 46. Suppose -5*k = -3*k + c - h, 2*k - 82 = 5*c. Let y = k + -21. What is the tens digit of y?
1
What is the hundreds digi